
{"id":11894,"date":"2023-12-19T12:28:52","date_gmt":"2023-12-19T12:28:52","guid":{"rendered":"https:\/\/zadecu.org\/mods\/ecpat-srbija\/"},"modified":"2023-12-21T20:47:26","modified_gmt":"2023-12-21T20:47:26","slug":"ecpat-srbija","status":"publish","type":"page","link":"https:\/\/zadecu.org\/en\/mods\/ecpat-srbija\/","title":{"rendered":"ECPAT Serbia"},"content":{"rendered":"\n<div class=\"wp-block-columns is-layout-flex wp-container-core-columns-is-layout-8f761849 wp-block-columns-is-layout-flex\">\n<div class=\"wp-block-column is-vertically-aligned-bottom is-layout-flow wp-block-column-is-layout-flow\" style=\"flex-basis:100%\"><div class=\"wp-block-image\">\n<figure class=\"alignright size-full is-resized\"><img loading=\"lazy\" decoding=\"async\" width=\"489\" height=\"747\" src=\"https:\/\/zadecu.org\/wp-content\/uploads\/2023\/12\/1.5-ECPAT-Srbija_GREEN.webp\" alt=\"Ecpat\" class=\"wp-image-11957\" style=\"width:137px;height:auto\" srcset=\"https:\/\/zadecu.org\/wp-content\/uploads\/2023\/12\/1.5-ECPAT-Srbija_GREEN.webp 489w, https:\/\/zadecu.org\/wp-content\/uploads\/2023\/12\/1.5-ECPAT-Srbija_GREEN-393x600.webp 393w\" sizes=\"auto, (max-width: 489px) 100vw, 489px\" \/><\/figure>\n<\/div>\n\n\n<p class=\"wp-block-paragraph\">MODS as a national network with a special emphasis on implementing the <a href=\"https:\/\/zadecu.org\/konvencija-o-pravima-deteta-30-godina-od-njenog-usvajanja\/\" target=\"_blank\" rel=\"noreferrer noopener\">UN Convention on the Rights of the Child (UN CRC)<\/a> places a significant emphasis on protecting children from all forms of violence, including sexual exploitation and abuse. To achieve these objectives, MODS joined<a href=\"https:\/\/ecpat.org\/country\/serbia\/\" target=\"_blank\" rel=\"noreferrer noopener\"> ECPAT International<\/a> and established ECPAT Serbia. This move enables us to further our national commitment to ending the Sexual Exploitation of Children through enhanced thematic and sectorial collaboration with our members.<\/p>\n<\/div>\n<\/div>\n\n\n\n<p class=\"wp-block-paragraph\">With ECPAT Serbia, we have established a thematic and sectorial framework for collaboration. <a href=\"https:\/\/cnzd.rs\/\" target=\"_blank\" rel=\"noreferrer noopener\">The Center for Missing and Exploited Children \u2013 CNZD<\/a> and the <a href=\"http:\/\/atina.org.rs\/\" target=\"_blank\" rel=\"noreferrer noopener\">Association Atina <\/a>have been designated as representatives of MODS in ECPAT International. They are responsible for maintaining ongoing communication with ECPAT, participating in ECPAT activities, and disseminating all pertinent information to MODS and other stakeholders.<\/p>\n\n\n\n<p class=\"wp-block-paragraph\">The MODS secretariat will strategically coordinate the participation and flow of information between MODS management bodies and the MODS representatives in ECPAT International, as well as facilitate coordination regarding the potential involvement of other interested MODS member organizations in activities related to MODS&#8217; membership in ECPAT.<\/p>\n\n\n\n<p class=\"wp-block-paragraph\">ECPAT Serbia extends an open invitation to all MODS members committed to ending the sexual exploitation and abuse of children. Our core principle is to empower our members and colleagues to engage in various activities and joint initiatives, both nationally and internationally, to effectively represent MODS.<\/p>\n","protected":false},"excerpt":{"rendered":"<p>MODS as a national network with a special emphasis on implementing the UN Convention on the Rights of the Child (UN CRC) places a significant emphasis on protecting children from all forms of violence, including sexual exploitation and abuse. To achieve these objectives, MODS joined ECPAT International and established ECPAT Serbia. This move enables us [&hellip;]<\/p>\n","protected":false},"author":3,"featured_media":0,"parent":1755,"menu_order":0,"comment_status":"closed","ping_status":"closed","template":"","meta":{"footnotes":""},"class_list":["post-11894","page","type-page","status-publish","hentry"],"yoast_head":"<!-- This site is optimized with the Yoast SEO plugin v28.0 - https:\/\/yoast.com\/product\/yoast-seo-wordpress\/ -->\n<title>ECPAT Serbia - Mre\u017ea organizacija za decu Srbije<\/title>\n<meta name=\"robots\" content=\"index, follow, max-snippet:-1, max-image-preview:large, max-video-preview:-1\" \/>\n<link rel=\"canonical\" href=\"https:\/\/zadecu.org\/en\/mods\/ecpat-srbija\/\" \/>\n<meta property=\"og:locale\" content=\"en_US\" \/>\n<meta property=\"og:type\" content=\"article\" \/>\n<meta property=\"og:title\" content=\"ECPAT Serbia - Mre\u017ea organizacija za decu Srbije\" \/>\n<meta property=\"og:description\" content=\"MODS as a national network with a special emphasis on implementing the UN Convention on the Rights of the Child (UN CRC) places a significant emphasis on protecting children from all forms of violence, including sexual exploitation and abuse. To achieve these objectives, MODS joined ECPAT International and established ECPAT Serbia. This move enables us [&hellip;]\" \/>\n<meta property=\"og:url\" content=\"https:\/\/zadecu.org\/en\/mods\/ecpat-srbija\/\" \/>\n<meta property=\"og:site_name\" content=\"Mre\u017ea organizacija za decu Srbije\" \/>\n<meta property=\"article:publisher\" content=\"https:\/\/www.facebook.com\/zadecuMODS\/\" \/>\n<meta property=\"article:modified_time\" content=\"2023-12-21T20:47:26+00:00\" \/>\n<meta property=\"og:image\" content=\"https:\/\/zadecu.org\/wp-content\/uploads\/2023\/12\/1.5-ECPAT-Srbija_GREEN.webp\" \/>\n<meta name=\"twitter:card\" content=\"summary_large_image\" \/>\n<meta name=\"twitter:site\" content=\"@zadecuMODS\" \/>\n<meta name=\"twitter:label1\" content=\"Est. reading time\" \/>\n\t<meta name=\"twitter:data1\" content=\"2 minutes\" \/>\n<script type=\"application\/ld+json\" class=\"yoast-schema-graph\">{\"@context\":\"https:\\\/\\\/schema.org\",\"@graph\":[{\"@type\":\"WebPage\",\"@id\":\"https:\\\/\\\/zadecu.org\\\/en\\\/mods\\\/ecpat-srbija\\\/\",\"url\":\"https:\\\/\\\/zadecu.org\\\/en\\\/mods\\\/ecpat-srbija\\\/\",\"name\":\"ECPAT Serbia - Mre\u017ea organizacija za decu Srbije\",\"isPartOf\":{\"@id\":\"https:\\\/\\\/zadecu.org\\\/#website\"},\"primaryImageOfPage\":{\"@id\":\"https:\\\/\\\/zadecu.org\\\/en\\\/mods\\\/ecpat-srbija\\\/#primaryimage\"},\"image\":{\"@id\":\"https:\\\/\\\/zadecu.org\\\/en\\\/mods\\\/ecpat-srbija\\\/#primaryimage\"},\"thumbnailUrl\":\"https:\\\/\\\/zadecu.org\\\/wp-content\\\/uploads\\\/2023\\\/12\\\/1.5-ECPAT-Srbija_GREEN.webp\",\"datePublished\":\"2023-12-19T12:28:52+00:00\",\"dateModified\":\"2023-12-21T20:47:26+00:00\",\"breadcrumb\":{\"@id\":\"https:\\\/\\\/zadecu.org\\\/en\\\/mods\\\/ecpat-srbija\\\/#breadcrumb\"},\"inLanguage\":\"en-US\",\"potentialAction\":[{\"@type\":\"ReadAction\",\"target\":[\"https:\\\/\\\/zadecu.org\\\/en\\\/mods\\\/ecpat-srbija\\\/\"]}]},{\"@type\":\"ImageObject\",\"inLanguage\":\"en-US\",\"@id\":\"https:\\\/\\\/zadecu.org\\\/en\\\/mods\\\/ecpat-srbija\\\/#primaryimage\",\"url\":\"https:\\\/\\\/zadecu.org\\\/wp-content\\\/uploads\\\/2023\\\/12\\\/1.5-ECPAT-Srbija_GREEN.webp\",\"contentUrl\":\"https:\\\/\\\/zadecu.org\\\/wp-content\\\/uploads\\\/2023\\\/12\\\/1.5-ECPAT-Srbija_GREEN.webp\"},{\"@type\":\"BreadcrumbList\",\"@id\":\"https:\\\/\\\/zadecu.org\\\/en\\\/mods\\\/ecpat-srbija\\\/#breadcrumb\",\"itemListElement\":[{\"@type\":\"ListItem\",\"position\":1,\"name\":\"Home\",\"item\":\"https:\\\/\\\/zadecu.org\\\/en\\\/\"},{\"@type\":\"ListItem\",\"position\":2,\"name\":\"MODS\",\"item\":\"https:\\\/\\\/zadecu.org\\\/en\\\/mods\\\/\"},{\"@type\":\"ListItem\",\"position\":3,\"name\":\"ECPAT Serbia\"}]},{\"@type\":\"WebSite\",\"@id\":\"https:\\\/\\\/zadecu.org\\\/#website\",\"url\":\"https:\\\/\\\/zadecu.org\\\/\",\"name\":\"Mre\u017ea organizacija za decu Srbije\",\"description\":\"Savez organizacija civilnog dru\u0161tva koje se bave za\u0161titom i promocijom prava deteta u Srbiji\",\"publisher\":{\"@id\":\"https:\\\/\\\/zadecu.org\\\/#organization\"},\"potentialAction\":[{\"@type\":\"SearchAction\",\"target\":{\"@type\":\"EntryPoint\",\"urlTemplate\":\"https:\\\/\\\/zadecu.org\\\/?s={search_term_string}\"},\"query-input\":{\"@type\":\"PropertyValueSpecification\",\"valueRequired\":true,\"valueName\":\"search_term_string\"}}],\"inLanguage\":\"en-US\"},{\"@type\":\"Organization\",\"@id\":\"https:\\\/\\\/zadecu.org\\\/#organization\",\"name\":\"Mre\u017ea organizacija za decu Srbije MODS\",\"url\":\"https:\\\/\\\/zadecu.org\\\/\",\"logo\":{\"@type\":\"ImageObject\",\"inLanguage\":\"en-US\",\"@id\":\"https:\\\/\\\/zadecu.org\\\/#\\\/schema\\\/logo\\\/image\\\/\",\"url\":\"http:\\\/\\\/zadecu.org\\\/wp-content\\\/uploads\\\/2019\\\/07\\\/MODS_logo_veci.jpg\",\"contentUrl\":\"http:\\\/\\\/zadecu.org\\\/wp-content\\\/uploads\\\/2019\\\/07\\\/MODS_logo_veci.jpg\",\"width\":798,\"height\":335,\"caption\":\"Mre\u017ea organizacija za decu Srbije MODS\"},\"image\":{\"@id\":\"https:\\\/\\\/zadecu.org\\\/#\\\/schema\\\/logo\\\/image\\\/\"},\"sameAs\":[\"https:\\\/\\\/www.facebook.com\\\/zadecuMODS\\\/\",\"https:\\\/\\\/x.com\\\/zadecuMODS\",\"https:\\\/\\\/www.instagram.com\\\/zadecuMODS\\\/\",\"https:\\\/\\\/www.youtube.com\\\/channel\\\/UC1JWUdo0NzgZJFne1EdFX9A\"]}]}<\/script>\n<!-- \/ Yoast SEO plugin. -->","yoast_head_json":{"title":"ECPAT Serbia - Mre\u017ea organizacija za decu Srbije","robots":{"index":"index","follow":"follow","max-snippet":"max-snippet:-1","max-image-preview":"max-image-preview:large","max-video-preview":"max-video-preview:-1"},"canonical":"https:\/\/zadecu.org\/en\/mods\/ecpat-srbija\/","og_locale":"en_US","og_type":"article","og_title":"ECPAT Serbia - Mre\u017ea organizacija za decu Srbije","og_description":"MODS as a national network with a special emphasis on implementing the UN Convention on the Rights of the Child (UN CRC) places a significant emphasis on protecting children from all forms of violence, including sexual exploitation and abuse. To achieve these objectives, MODS joined ECPAT International and established ECPAT Serbia. This move enables us [&hellip;]","og_url":"https:\/\/zadecu.org\/en\/mods\/ecpat-srbija\/","og_site_name":"Mre\u017ea organizacija za decu Srbije","article_publisher":"https:\/\/www.facebook.com\/zadecuMODS\/","article_modified_time":"2023-12-21T20:47:26+00:00","og_image":[{"url":"https:\/\/zadecu.org\/wp-content\/uploads\/2023\/12\/1.5-ECPAT-Srbija_GREEN.webp","type":"","width":"","height":""}],"twitter_card":"summary_large_image","twitter_site":"@zadecuMODS","twitter_misc":{"Est. reading time":"2 minutes"},"schema":{"@context":"https:\/\/schema.org","@graph":[{"@type":"WebPage","@id":"https:\/\/zadecu.org\/en\/mods\/ecpat-srbija\/","url":"https:\/\/zadecu.org\/en\/mods\/ecpat-srbija\/","name":"ECPAT Serbia - Mre\u017ea organizacija za decu Srbije","isPartOf":{"@id":"https:\/\/zadecu.org\/#website"},"primaryImageOfPage":{"@id":"https:\/\/zadecu.org\/en\/mods\/ecpat-srbija\/#primaryimage"},"image":{"@id":"https:\/\/zadecu.org\/en\/mods\/ecpat-srbija\/#primaryimage"},"thumbnailUrl":"https:\/\/zadecu.org\/wp-content\/uploads\/2023\/12\/1.5-ECPAT-Srbija_GREEN.webp","datePublished":"2023-12-19T12:28:52+00:00","dateModified":"2023-12-21T20:47:26+00:00","breadcrumb":{"@id":"https:\/\/zadecu.org\/en\/mods\/ecpat-srbija\/#breadcrumb"},"inLanguage":"en-US","potentialAction":[{"@type":"ReadAction","target":["https:\/\/zadecu.org\/en\/mods\/ecpat-srbija\/"]}]},{"@type":"ImageObject","inLanguage":"en-US","@id":"https:\/\/zadecu.org\/en\/mods\/ecpat-srbija\/#primaryimage","url":"https:\/\/zadecu.org\/wp-content\/uploads\/2023\/12\/1.5-ECPAT-Srbija_GREEN.webp","contentUrl":"https:\/\/zadecu.org\/wp-content\/uploads\/2023\/12\/1.5-ECPAT-Srbija_GREEN.webp"},{"@type":"BreadcrumbList","@id":"https:\/\/zadecu.org\/en\/mods\/ecpat-srbija\/#breadcrumb","itemListElement":[{"@type":"ListItem","position":1,"name":"Home","item":"https:\/\/zadecu.org\/en\/"},{"@type":"ListItem","position":2,"name":"MODS","item":"https:\/\/zadecu.org\/en\/mods\/"},{"@type":"ListItem","position":3,"name":"ECPAT Serbia"}]},{"@type":"WebSite","@id":"https:\/\/zadecu.org\/#website","url":"https:\/\/zadecu.org\/","name":"Mre\u017ea organizacija za decu Srbije","description":"Savez organizacija civilnog dru\u0161tva koje se bave za\u0161titom i promocijom prava deteta u Srbiji","publisher":{"@id":"https:\/\/zadecu.org\/#organization"},"potentialAction":[{"@type":"SearchAction","target":{"@type":"EntryPoint","urlTemplate":"https:\/\/zadecu.org\/?s={search_term_string}"},"query-input":{"@type":"PropertyValueSpecification","valueRequired":true,"valueName":"search_term_string"}}],"inLanguage":"en-US"},{"@type":"Organization","@id":"https:\/\/zadecu.org\/#organization","name":"Mre\u017ea organizacija za decu Srbije MODS","url":"https:\/\/zadecu.org\/","logo":{"@type":"ImageObject","inLanguage":"en-US","@id":"https:\/\/zadecu.org\/#\/schema\/logo\/image\/","url":"http:\/\/zadecu.org\/wp-content\/uploads\/2019\/07\/MODS_logo_veci.jpg","contentUrl":"http:\/\/zadecu.org\/wp-content\/uploads\/2019\/07\/MODS_logo_veci.jpg","width":798,"height":335,"caption":"Mre\u017ea organizacija za decu Srbije MODS"},"image":{"@id":"https:\/\/zadecu.org\/#\/schema\/logo\/image\/"},"sameAs":["https:\/\/www.facebook.com\/zadecuMODS\/","https:\/\/x.com\/zadecuMODS","https:\/\/www.instagram.com\/zadecuMODS\/","https:\/\/www.youtube.com\/channel\/UC1JWUdo0NzgZJFne1EdFX9A"]}]}},"_links":{"self":[{"href":"https:\/\/zadecu.org\/en\/wp-json\/wp\/v2\/pages\/11894","targetHints":{"allow":["GET"]}}],"collection":[{"href":"https:\/\/zadecu.org\/en\/wp-json\/wp\/v2\/pages"}],"about":[{"href":"https:\/\/zadecu.org\/en\/wp-json\/wp\/v2\/types\/page"}],"author":[{"embeddable":true,"href":"https:\/\/zadecu.org\/en\/wp-json\/wp\/v2\/users\/3"}],"replies":[{"embeddable":true,"href":"https:\/\/zadecu.org\/en\/wp-json\/wp\/v2\/comments?post=11894"}],"version-history":[{"count":0,"href":"https:\/\/zadecu.org\/en\/wp-json\/wp\/v2\/pages\/11894\/revisions"}],"up":[{"embeddable":true,"href":"https:\/\/zadecu.org\/en\/wp-json\/wp\/v2\/pages\/1755"}],"wp:attachment":[{"href":"https:\/\/zadecu.org\/en\/wp-json\/wp\/v2\/media?parent=11894"}],"curies":[{"name":"wp","href":"https:\/\/api.w.org\/{rel}","templated":true}]}}

<!-- This site is optimized with the Yoast SEO plugin v28.0 - https://yoast.com/product/yoast-seo-wordpress/ -->
<title>ECPAT Serbia - Mreža organizacija za decu Srbije</title>
<meta name="robots" content="index, follow, max-snippet:-1, max-image-preview:large, max-video-preview:-1" />
<link rel="canonical" href="https://zadecu.org/en/mods/ecpat-srbija/" />
<meta property="og:locale" content="en_US" />
<meta property="og:type" content="article" />
<meta property="og:title" content="ECPAT Serbia - Mreža organizacija za decu Srbije" />
<meta property="og:description" content="MODS as a national network with a special emphasis on implementing the UN Convention on the Rights of the Child (UN CRC) places a significant emphasis on protecting children from all forms of violence, including sexual exploitation and abuse. To achieve these objectives, MODS joined ECPAT International and established ECPAT Serbia. This move enables us [&hellip;]" />
<meta property="og:url" content="https://zadecu.org/en/mods/ecpat-srbija/" />
<meta property="og:site_name" content="Mreža organizacija za decu Srbije" />
<meta property="article:publisher" content="https://www.facebook.com/zadecuMODS/" />
<meta property="article:modified_time" content="2023-12-21T20:47:26+00:00" />
<meta property="og:image" content="https://zadecu.org/wp-content/uploads/2023/12/1.5-ECPAT-Srbija_GREEN.webp" />
<meta name="twitter:card" content="summary_large_image" />
<meta name="twitter:site" content="@zadecuMODS" />
<meta name="twitter:label1" content="Est. reading time" />
	<meta name="twitter:data1" content="2 minutes" />
<script type="application/ld+json" class="yoast-schema-graph">{"@context":"https:\/\/schema.org","@graph":[{"@type":"WebPage","@id":"https:\/\/zadecu.org\/en\/mods\/ecpat-srbija\/","url":"https:\/\/zadecu.org\/en\/mods\/ecpat-srbija\/","name":"ECPAT Serbia - Mreža organizacija za decu Srbije","isPartOf":{"@id":"https:\/\/zadecu.org\/#website"},"primaryImageOfPage":{"@id":"https:\/\/zadecu.org\/en\/mods\/ecpat-srbija\/#primaryimage"},"image":{"@id":"https:\/\/zadecu.org\/en\/mods\/ecpat-srbija\/#primaryimage"},"thumbnailUrl":"https:\/\/zadecu.org\/wp-content\/uploads\/2023\/12\/1.5-ECPAT-Srbija_GREEN.webp","datePublished":"2023-12-19T12:28:52+00:00","dateModified":"2023-12-21T20:47:26+00:00","breadcrumb":{"@id":"https:\/\/zadecu.org\/en\/mods\/ecpat-srbija\/#breadcrumb"},"inLanguage":"en-US","potentialAction":[{"@type":"ReadAction","target":["https:\/\/zadecu.org\/en\/mods\/ecpat-srbija\/"]}]},{"@type":"ImageObject","inLanguage":"en-US","@id":"https:\/\/zadecu.org\/en\/mods\/ecpat-srbija\/#primaryimage","url":"https:\/\/zadecu.org\/wp-content\/uploads\/2023\/12\/1.5-ECPAT-Srbija_GREEN.webp","contentUrl":"https:\/\/zadecu.org\/wp-content\/uploads\/2023\/12\/1.5-ECPAT-Srbija_GREEN.webp"},{"@type":"BreadcrumbList","@id":"https:\/\/zadecu.org\/en\/mods\/ecpat-srbija\/#breadcrumb","itemListElement":[{"@type":"ListItem","position":1,"name":"Home","item":"https:\/\/zadecu.org\/en\/"},{"@type":"ListItem","position":2,"name":"MODS","item":"https:\/\/zadecu.org\/en\/mods\/"},{"@type":"ListItem","position":3,"name":"ECPAT Serbia"}]},{"@type":"WebSite","@id":"https:\/\/zadecu.org\/#website","url":"https:\/\/zadecu.org\/","name":"Mreža organizacija za decu Srbije","description":"Savez organizacija civilnog društva koje se bave zaštitom i promocijom prava deteta u Srbiji","publisher":{"@id":"https:\/\/zadecu.org\/#organization"},"potentialAction":[{"@type":"SearchAction","target":{"@type":"EntryPoint","urlTemplate":"https:\/\/zadecu.org\/?s={search_term_string}"},"query-input":{"@type":"PropertyValueSpecification","valueRequired":true,"valueName":"search_term_string"}}],"inLanguage":"en-US"},{"@type":"Organization","@id":"https:\/\/zadecu.org\/#organization","name":"Mreža organizacija za decu Srbije MODS","url":"https:\/\/zadecu.org\/","logo":{"@type":"ImageObject","inLanguage":"en-US","@id":"https:\/\/zadecu.org\/#\/schema\/logo\/image\/","url":"http:\/\/zadecu.org\/wp-content\/uploads\/2019\/07\/MODS_logo_veci.jpg","contentUrl":"http:\/\/zadecu.org\/wp-content\/uploads\/2019\/07\/MODS_logo_veci.jpg","width":798,"height":335,"caption":"Mreža organizacija za decu Srbije MODS"},"image":{"@id":"https:\/\/zadecu.org\/#\/schema\/logo\/image\/"},"sameAs":["https:\/\/www.facebook.com\/zadecuMODS\/","https:\/\/x.com\/zadecuMODS","https:\/\/www.instagram.com\/zadecuMODS\/","https:\/\/www.youtube.com\/channel\/UC1JWUdo0NzgZJFne1EdFX9A"]}]}</script>
<!-- / Yoast SEO plugin. -->

ECPAT Serbia - Mreža organizacija za decu Srbije

Mreža organizacija za decu Srbije

Savez organizacija civilnog društva koje se bave zaštitom i promocijom prava deteta u Srbiji

Mreža organizacija za decu Srbije MODS
